on factor of 8 and 2264.
8
Calculate the greatest common divisor of 182 and 780.
26
What is the greatest common divisor of 1844 and 12?
4
Calculate the greatest common factor of 1966 and 4.
2
What is the greatest common divisor of 18 and 9?
9
What is the highest common factor of 7 and 119?
7
What is the highest common factor of 84 and 19068?
84
What is the greatest common factor of 115 and 69?
23
Calculate the greatest common divisor of 26 and 13325.
13
What is the greatest common factor of 1 and 2719?
1
Calculate the highest common divisor of 98 and 12.
2
Calculate the greatest common factor of 33 and 18953.
11
Calculate the highest common divisor of 2 and 5.
1
What is the greatest common factor of 9200 and 20?
20
Calculate the highest common divisor of 60 and 155.
5
What is the highest common factor of 516 and 12?
12
What is the highest common factor of 29 and 319?
29
What is the highest common divisor of 7622 and 618?
206
What is the greatest common divisor of 15 and 405?
15
What is the highest common factor of 16 and 4496?
16
What is the highest common factor of 14 and 3976?
14
Calculate the highest common divisor of 4661 and 59.
59
What is the greatest common factor of 253 and 3013?
23
Calculate the highest common factor of 55 and 355.
5
Calculate the highest common divisor of 40 and 2432.
8
Calculate the highest common factor of 26 and 1443.
13
Calculate the highest common divisor of 6 and 330.
6
Calculate the highest common factor of 1653 and 87.
87
What is the highest common factor of 155 and 961?
31
Calculate the greatest common divisor of 576 and 60768.
288
Calculate the highest common divisor of 3611 and 628.
157
Calculate the greatest common divisor of 99 and 1980.
99
What is the highest common factor of 162 and 216?
54
What is the highest common divisor of 9 and 90?
9
What is the highest common factor of 276 and 12?
12
Calculate the highest common factor of 1272 and 36.
12
Calculate the greatest common divisor of 2132 and 41.
41
Calculate the highest common factor of 81 and 2592.
81
Calculate the greatest common divisor of 3680 and 400.
80
What is the highest common factor of 245 and 385?
35
What is the greatest common divisor of 1491 and 7?
7
Calculate the highest common factor of 15 and 105.
15
Calculate the greatest common factor of 7124 and 52.
52
What is the highest common divisor of 352 and 55?
11
What is the highest common factor of 210 and 222?
6
What is the greatest common factor of 82 and 94?
2
What is the greatest common factor of 132 and 72?
12
Calculate the highest common factor of 44 and 31724.
44
What is the highest common divisor of 13 and 12688?
13
Calculate the greatest common divisor of 128 and 9280.
64
What is the highest common divisor of 112 and 40?
8
Calculate the greatest common divisor of 18 and 81.
9
What is the highest common factor of 40 and 208?
8
Calculate the highest common divisor of 127 and 22987.
127
What is the highest common divisor of 42 and 2712?
6
Calculate the greatest common divisor of 29 and 145.
29
Calculate the greatest common divisor of 952 and 196.
28
Calculate the highest common divisor of 4580 and 5954.
458
What is the highest common divisor of 400 and 5300?
100
What is the greatest common divisor of 129 and 6?
3
What is the greatest common divisor of 590 and 10?
10
Calculate the highest common divisor of 47083 and 239.
239
What is the greatest common factor of 50 and 60?
10
What is the highest common divisor of 94 and 611?
47
Calculate the highest common divisor of 116 and 1798.
58
What is the highest common divisor of 2193 and 516?
129
What is the highest common factor of 27 and 558?
9
What is the highest common divisor of 92 and 10511?
23
What is the highest common factor of 34 and 102?
34
Calculate the greatest common factor of 100 and 5.
5
What is the greatest common factor of 2926 and 266?
266
What is the greatest common factor of 913 and 249?
83
Calculate the highest common divisor of 70 and 1036.
14
What is the highest common divisor of 1 and 13?
1
Calculate the highest common divisor of 130 and 78.
26
Calculate the greatest common factor of 33789 and 21.
21
Calculate the greatest common factor of 52 and 3068.
52
What is the greatest common factor of 25392 and 48?
48
What is the highest common divisor of 700 and 154?
14
Calculate the greatest common factor of 50 and 2950.
50
Calculate the highest common factor of 288 and 360.
72
What is the greatest common divisor of 1969 and 121?
11
What is the greatest common factor of 84 and 63?
21
Calculate the greatest common factor of 20 and 64.
4
What is the highest common factor of 710 and 18247?
71
What is the highest common factor of 3927 and 408?
51
What is the greatest common factor of 143 and 209?
11
Calculate the highest common divisor of 14547 and 6.
3
What is the greatest common divisor of 106 and 2862?
106
Calculate the greatest common divisor of 504 and 108.
36
What is the greatest common divisor of 741 and 57?
57
Calculate the greatest common factor of 41 and 23.
1
Calculate the greatest common divisor of 9875 and 79.
79
What is the greatest common factor of 89 and 32129?
89
What is the highest common divisor of 714 and 42?
42
What is the highest common divisor of 84 and 324?
12
What is the greatest common divisor of 11230 and 20?
10
What is the highest common divisor of 26 and 78?
26
What is the highest common divisor of 257 and 4112?
257
Calculate the highest common factor of 1336 and 8.
8
Calculate the greatest common divisor of 66 and 44.
22
What is the greatest common divisor of 704 and 912?
16
What is the highest common factor of 30 and 240?
30
Calculate the highest common factor of 201 and 1675.
67
Calculate the greatest common factor of 17753 and 205.
41
What is the highest common factor of 32 and 112?
16
What is the greatest common divisor of 981 and 9?
9
What is the highest common divisor of 742 and 28?
14
Calculate the greatest common divisor of 531 and 27.
9
Calculate the greatest common divisor of 255 and 1335.
15
Calculate the highest common divisor of 78 and 546.
78
Calculate the highest common divisor of 400 and 2320.
80
What is the greatest common factor of 3020 and 151?
151
What is the highest common factor of 1813 and 784?
49
Calculate the greatest common factor of 5058 and 18.
18
What is the greatest common factor of 225 and 50?
25
Calculate the greatest common divisor of 45 and 4710.
15
What is the highest common factor of 902 and 55?
11
What is the highest common factor of 15249 and 23?
23
Calculate the greatest common factor of 1330 and 210.
70
Calculate the greatest common divisor of 202 and 101.
101
Calculate the highest common divisor of 1808 and 5198.
226
What is the greatest common factor of 344 and 301?
43
What is the highest common divisor of 15596 and 28?
28
What is the highest common factor of 207 and 23?
23
Calculate the highest common factor of 171 and 90.
9
What is the greatest common divisor of 4794 and 2?
2
Calculate the highest common factor of 2190 and 30.
30
What is the greatest common divisor of 120 and 96?
24
What is the highest common factor of 237 and 1975?
79
Calculate the highest common factor of 18216 and 72.
72
What is the greatest common factor of 30 and 690?
30
What is the highest common factor of 549 and 427?
61
What is the greatest common factor of 40 and 35?
5
What is the highest common factor of 81 and 23409?
81
Calculate the highest common factor of 435 and 135.
15
Calculate the highest common divisor of 56 and 462.
14
Calculate the greatest common divisor of 115 and 25.
5
Calculate the greatest common divisor of 52 and 32.
4
Calculate the greatest common divisor of 11 and 5742.
11
Calculate the greatest common divisor of 204 and 420.
12
What is the greatest common factor of 35 and 25?
5
What is the greatest common factor of 44 and 319?
11
What is the highest common divisor of 244 and 10675?
61
Calculate the highest common factor of 590 and 70.
10
What is the greatest common factor of 77 and 24717?
77
What is the greatest common factor of 157 and 67667?
157
Calculate the greatest common divisor of 3302 and 26.
26
What is the highest common divisor of 4777 and 17?
17
Calculate the greatest common factor of 1635 and 654.
327
What is the highest common divisor of 2349